 of 47670258?
2
What is the ten millions digit of 9083537052?
8
What is the ten millions digit of 41241761?
4
What is the hundred thousands digit of 443909939?
9
What is the ten thousands digit of 127777894?
7
What is the ten millions digit of 12985659?
1
What is the millions digit of 46402777?
6
What is the ten millions digit of 11274629?
1
What is the ten millions digit of 18092282?
1
What is the tens digit of 494239890?
9
What is the ten thousands digit of 186877403?
7
What is the millions digit of 196500916?
6
What is the hundreds digit of 1531620910?
9
What is the hundreds digit of 5785021745?
7
What is the hundreds digit of 72653073?
0
What is the hundred thousands digit of 1067328679?
3
What is the units digit of 30071024?
4
What is the units digit of 134670698?
8
What is the hundred thousands digit of 60131077?
1
What is the ten thousands digit of 1814687509?
8
What is the hundred millions digit of 181807746?
1
What is the hundreds digit of 9137875?
8
What is the units digit of 58002909?
9
What is the tens digit of 546428593?
9
What is the ten millions digit of 83761985?
8
What is the ten millions digit of 120846486?
2
What is the millions digit of 13546939?
3
What is the ten millions digit of 1087092967?
8
What is the ten thousands digit of 86503321?
0
What is the ten millions digit of 38716004?
3
What is the thousands digit of 2984515054?
5
What is the hundred thousands digit of 89965591?
9
What is the units digit of 825534391?
1
What is the millions digit of 1195221474?
5
What is the hundreds digit of 28159333?
3
What is the hundred thousands digit of 47527007?
5
What is the units digit of 3291210933?
3
What is the ten millions digit of 1199980484?
9
What is the billions digit of 2081867110?
2
What is the hundred millions digit of 130334007?
1
What is the tens digit of 865998603?
0
What is the hundred thousands digit of 128149588?
1
What is the ten thousands digit of 719219019?
1
What is the tens digit of 52217561?
6
What is the units digit of 2519409947?
7
What is the hundreds digit of 84266796?
7
What is the billions digit of 2684001064?
2
What is the ten millions digit of 549233837?
4
What is the millions digit of 11546981?
1
What is the ten millions digit of 185553598?
8
What is the hundreds digit of 1256458973?
9
What is the thousands digit of 376303319?
3
What is the thousands digit of 46763623?
3
What is the millions digit of 1208011661?
8
What is the tens digit of 13150318?
1
What is the millions digit of 249586390?
9
What is the ten thousands digit of 3550472673?
7
What is the millions digit of 127974089?
7
What is the ten millions digit of 81399591?
8
What is the thousands digit of 43514912?
4
What is the hundred thousands digit of 1608723316?
7
What is the hundred thousands digit of 3059674391?
6
What is the tens digit of 149023570?
7
What is the hundred millions digit of 3130976939?
1
What is the units digit of 68154068?
8
What is the billions digit of 4669374568?
4
What is the thousands digit of 63785404?
5
What is the units digit of 5626784676?
6
What is the thousands digit of 181377656?
7
What is the ten thousands digit of 1298299969?
9
What is the hundred thousands digit of 132358323?
3
What is the tens digit of 1126278045?
4
What is the ten thousands digit of 32634429?
3
What is the millions digit of 54233444?
4
What is the thousands digit of 631874856?
4
What is the ten millions digit of 42698199?
4
What is the hundred thousands digit of 1479564075?
5
What is the hundred thousands digit of 2065694668?
6
What is the tens digit of 4400395334?
3
What is the ten thousands digit of 29827936?
2
What is the billions digit of 1019998985?
1
What is the ten millions digit of 76205746?
7
What is the thousands digit of 147786502?
6
What is the hundred millions digit of 8702702491?
7
What is the millions digit of 247139931?
7
What is the units digit of 31395869?
9
What is the millions digit of 194884071?
4
What is the ten millions digit of 512525097?
1
What is the ten thousands digit of 1493360?
9
What is the millions digit of 603692981?
3
What is the hundred millions digit of 3648546631?
6
What is the hundred thousands digit of 276591996?
5
What is the hundreds digit of 1098570184?
1
What is the tens digit of 1125048754?
5
What is the ten millions digit of 42757342?
4
What is the units digit of 694976122?
2
What is the hundreds digit of 19693069?
0
What is the millions digit of 10576843?
0
What is the thousands digit of 58834871?
4
What is the thousands digit of 160408713?
8
What is the hundreds digit of 492370201?
2
What is the ten millions digit of 8204514698?
0
What is the hundred thousands digit of 60186873?
1
What is the millions digit of 899420798?
9
What is the units digit of 5093738?
8
What is the thousands digit of 86328447?
8
What is the hundred millions digit of 129891450?
1
What is the millions digit of 2199014?
2
What is the hundred thousands digit of 3164359442?
3
What is the millions digit of 712639574?
2
What is the thousands digit of 265458401?
8
What is the hundred millions digit of 163493552?
1
What is the units digit of 44357786?
6
What is the hundred thousands digit of 746846498?
8
What is the hundred millions digit of 167504315?
1
What is the hundred thousands digit of 154160753?
1
What is the ten millions digit of 2798876784?
9
What is the millions digit of 1463611632?
3
What is the ten thousands digit of 398262840?
6
What is the thousands digit of 3158677?
8
What is the ten thousands digit of 1300410692?
1
What is the thousands digit of 317617195?
7
What is the units digit of 24011845?
5
What is the ten millions digit of 138335416?
3
What is the hundreds digit of 248570700?
7
What is the ten millions digit of 835693067?
3
What is the ten millions digit of 363986224?
6
What is the hundreds digit of 1128420311?
3
What is the hundred millions digit of 270467616?
2
What is the millions digit of 221651555?
1
What is the hundreds digit of 139486214?
2
What is the thousands digit of 391972402?
2
What is the hundreds digit of 842882718?
7
What is the thousands digit of 585145924?
5
What is the thousands digit of 802924868?
4
What is the millions digit of 145482616?
5
What is the millions digit of 296755972?
6
What is the tens digit of 2019488518?
1
What is the tens digit of 1877760082?
8
What is the units digit of 79182411?
1
What is the tens digit of 679937378?
7
What is the thousands digit of 6129718?
9
What is the millions digit of 65324312?
5
What is the thousands digit of 33279856?
9
What is the ten thousands digit of 220503829?
0
What is the units digit of 44837974?
4
What is the ten thousands digit of 2305096250?
9
What is the thousands digit of 142927871?
7
What is the hundreds digit of 3270565262?
2
What is the billions digit of 1900204739?
1
What is the units digit of 147249106?
6
What is the millions digit of 932903694?
2
What is the millions digit of 737496732?
7
What is the hundreds digit of 13714007?
0
What is the units digit of 640430137?
7
What is the tens digit of 160388963?
6
What is the thousands digit of 1132141702?
1
What is the ten thousands digit of 2819492407?
9
What is the units digit of 12708180?
0
What is the ten thousands digit of 1042734412?
3
What is the units digit of 1418804939?
9
What is the hundred millions digit of 201556641?
2
What is the units digit of 401253164?
4
What is the hundreds digit of 582101962?
9
What is the ten millions digit of 172358166?
7
What is the units digit of 99270696?
6
What is the ten millions digit of 718566436?
1
What is the ten thousands digit of 50390741?
9
What is the hundred millions digit of 121738495?
1
What is the millions digit of 329735427?
9
What is the millions digit of 933906960?
3
What is the hundreds digit of 33073896?
8
What is the tens digit of 198061680?
8
What is the thousands digit of 23426285?
6
What is the hundred millions digit of 870731330?
8
What is the ten thousands digit of 2955895484?
9
What is the tens digit of 162123765?
6
What is the ten millions digit of 329975527?
2
What is the thousands digit of 16758969?
8
What is the hundred thousands digit of 853598902?
5
What is the millions digit of 247316148?
7
What is the ten millions digit of 318971140?
1
What is the tens digit of 382438243?
4
What is the hundred thousand